ctor of g and d.
12
Suppose -14*w + 8*w + 576 = 0. Let o be (6/2)/(8/w). Calculate the greatest common divisor of o and 90.
18
Let h(b) = b**3 + 42*b**2 + 77*b - 104. Let i be h(-40). What is the highest common divisor of i and 144?
16
Suppose -29*p + 36*p - 35 = 0. Suppose 4*l + 10 = p*l. Let v be 1*(-1)/2*-4. What is the highest common divisor of l and v?
2
Let t = 1479 - 1451. Calculate the greatest common factor of t and 32.
4
Let u be 5 + (-1148)/(-21) + (-1)/(-3). Suppose 0 = 117*w - 115*w - u. Calculate the highest common factor of 75 and w.
15
Let z = -3 + 7. Let q = 15 - 3. Let d be q/15*30/z. What is the greatest common divisor of 54 and d?
6
Let a = -9 - -5. Let y = 3 + a. Let k be 1*y + 80/4. Calculate the highest common factor of k and 95.
19
Let b(s) = s + 1. Let p be b(-1). Let v be (8 - p)/(26/143). Suppose r = -r + v. Calculate the highest common divisor of 22 and r.
22
Let y(h) = 2*h**2 + 4*h - 16. Let s be y(-7). Suppose 1 = g + 6. Let x be 2*2/4 - g. What is the greatest common divisor of s and x?
6
Let y(n) = 14*n + 7. Let b be y(5). Suppose g + 36 = r + 4*r, -3*g = 2*r - 11. What is the highest common divisor of b and r?
7
Let h = -111 - -135. What is the greatest common factor of 152 and h?
8
Let j(m) = m**2 - 8*m - 185. Let g be j(23). Calculate the greatest common divisor of g and 100.
20
Suppose -2*s - 144 = -4*b, 16 = 2*b - 3*s - 56. What is the greatest common factor of 21 and b?
3
Let i(w) = 2*w**3 + 5 - w**3 + 7*w**2 - 12*w**2 + 6 + w. Let j be i(5). Calculate the highest common factor of 8 and j.
8
Let p be (-20)/(-6)*(-24)/(-16). Suppose -5*u - d = -335, 3*d - p*d - 122 = -2*u. Calculate the greatest common divisor of u and 11.
11
Let y = -1878 - -2074. What is the highest common divisor of y and 4?
4
Let q(k) = k**2 + 14*k - 11. Let l be q(-14). Let b = l + 71. What is the highest common divisor of b and 150?
30
Suppose -137093 = -95*f - 18343. What is the highest common divisor of 20 and f?
10
Let r be 88/33 - 4/6. Suppose s - 162 = -r*s. Suppose 0 = 3*p - 9 - 18. What is the greatest common divisor of s and p?
9
Suppose -5*a = 5*j - 1130, 3*j + 4*a - 7*a = 702. What is the greatest common factor of 10 and j?
10
Let u be (6 - -38)*(-6)/(-4). Calculate the highest common factor of u and 33.
33
Suppose -30 = -q + 8. Let a = -23 + q. What is the greatest common divisor of 75 and a?
15
Suppose -6*d - 44 = 256. Let y = -30 - d. Suppose m - 86 = -3*b - 3*m, -m = 1. Calculate the highest common divisor of b and y.
10
Let l(q) = 12*q**3 + 2*q**2 + 3*q - 2. Let i be l(1). What is the highest common factor of i and 60?
15
Let w be (-30)/(-15) - (-76*2 - 0). What is the greatest common factor of w and 44?
22
Suppose 4*p - 117 = -5*o, -3*p = -p - 2*o - 72. Calculate the highest common divisor of 297 and p.
33
Let a be (-2)/6*-5*57. Suppose 7*t + 25 = a. What is the highest common divisor of t and 110?
10
Suppose -2*s - 3*s = 0. Suppose -3*w + 3 = s, 3*w = 7*f - 2*f - 7. Calculate the highest common factor of f and 4.
2
Let n = 17 + -13. Suppose -4*i = -i + n*g - 63, -2*i = -3*g - 25. Calculate the greatest common divisor of i and 68.
17
Suppose -r + 938 = 4*g + r, -2*r = -4*g + 918. Suppose -9*d + g = -d. What is the greatest common factor of 87 and d?
29
Let s be (-902)/(-164)*(-240)/(-33). Let m = -720 - -1222. Let y be m/5 - (-2)/(-5). Calculate the greatest common divisor of y and s.
20
Let g be 33/66 - 444/(-8). What is the greatest common divisor of 3584 and g?
56
Suppose 0 = -2*c - 3*l + 8, 18 = -3*c + 3*l - 0*l. Let y be 60 + (0/c)/2. Let h be (16/(-10))/((-2)/30). Calculate the greatest common divisor of y and h.
12
Let h be (-111)/((-35)/10 + -1 + 3). What is the greatest common factor of 74 and h?
74
Let i = 1678 + -1663. Calculate the greatest common factor of i and 24.
3
Let c be (1/(-3))/((-1)/12). Suppose -c*g + u + 54 = 0, g + u - 9 - 7 = 0. Calculate the highest common factor of 154 and g.
14
Let c = 105 + -98. Suppose -34 = -4*q + 3*n, -n = 5*q + 4*n - 25. What is the greatest common divisor of q and c?
7
Let w(z) be the first derivative of -5*z**2/2 + z + 7. Let j be w(-3). Let t be (400/30)/((-1)/(-12)). Calculate the highest common divisor of j and t.
16
Let t = 1094 - 1085. What is the highest common factor of t and 4?
1
Let k(b) = 2*b**2 + 2*b + 7. Let c be k(0). Let v be c/((-7)/(-18)) + (-7 - -10). What is the greatest common factor of v and 7?
7
Let c = 72 - 67. Suppose -s = -2, 4*u + c*s - 125 = -u. What is the greatest common divisor of 184 and u?
23
Let q(a) = a**3 - 8*a**2 + 2*a - 9. Let u = 20 - 12. Let k be q(u). Let r = 59 + 4. Calculate the highest common factor of r and k.
7
Let o(n) = 58*n**2 - n + 2. Let s be o(1). Suppose -4*c + 1 = -s. Let d = c - 8. Calculate the greatest common factor of d and 28.
7
Let p be (-3)/8 + 938/112. Suppose 3*l = -l - 20. Let n = l + p. Calculate the greatest common divisor of n and 21.
3
Suppose 4*u - p + 92 = 0, u + 15 = 3*p - 8. Let g = -14 - u. What is the greatest common factor of 3 and g?
3
Suppose 0*p = -3*p + 54. Let z = -2196 + 2202. Calculate the greatest common divisor of z and p.
6
Let j = -4 - -10. Suppose 3*z = -f + 42 - 30, -10 = -f - z. Calculate the highest common factor of f and j.
3
Let b(x) = -x**3 + 15*x**2 + 29*x + 24. Let z be b(15). Calculate the highest common divisor of 17 and z.
17
Suppose 3*f - 4*p = -5*p + 14, -3*f - 2*p + 13 = 0. What is the greatest common divisor of f and 120?
5
Let u = 463 - 448. Calculate the greatest common divisor of 65 and u.
5
Let a be (-854)/(-488) + (15/4)/3. Let i be (-7)/(-2) + 3/(-6). Suppose i*f = 19 + 62. Calculate the highest common divisor of f and a.
3
Suppose 128*c + 462 = 134*c. Calculate the highest common divisor of c and 49.
7
Let b be ((-6)/4)/(6/(-28)). Calculate the greatest common divisor of b and 1.
1
Suppose 0 = -2*s + 6*s + 5*x - 91, -s = -4*x - 49. What is the greatest common factor of s and 290?
29
Suppose -284 = 2*b - 6*b. Let q = b - 41. Calculate the highest common factor of 20 and q.
10
Suppose -t + 12 = 2*t. Suppose -f + 7*i = t*i - 4, 0 = 5*i - 5. What is the greatest common divisor of f and 161?
7
Let o(a) = -a**2 - a + 21. Let g be o(-10). Let h = -60 - g. Suppose 0 = -k - k + 6, 4*k = l - 69. Calculate the highest common factor of h and l.
9
Let l(x) be the first derivative of -2*x**2 - 12*x + 1. Let s be l(-10). Suppose -5*v = -62 - s. What is the greatest common factor of v and 9?
9
Let u = 39 - -33. Suppose 3*i = a - 7, 2*a = 5*a + 3*i + 15. Let p be (16/(-7))/(a/7). Calculate the greatest common factor of u and p.
8
Let p be (-220)/1 - (-2 + 3). Let m = 474 + p. Suppose -4*c = -34 - 58. Calculate the highest common divisor of m and c.
23
Let x = 12 + -2. Suppose 363 + 97 = 46*q. Calculate the highest common factor of x and q.
10
Suppose 2*b = u + 61, u + u + 90 = 3*b. What is the highest common factor of 12 and b?
4
Let z be (-230)/15*(-6)/4. Let r = -14 + z. What is the greatest common divisor of r and 36?
9
Suppose -2*v = -3*o + 9, -2*o + 3*v = o - 6. Suppose -2*s - 3*s + o = 0. Let w be (5*s)/(2 - 1). What is the highest common factor of 35 and w?
5
Let t = 17 + -11. Suppose -c - h + 1 - 11 = 0, 6 = -c - 5*h. Let x(b) = b + 15. Let u be x(c). Calculate the highest common divisor of u and t.
2
Let y = -17 + 16. Let t be (38/(-6))/((-5)/15). Let f = t + y. What is the greatest common divisor of 144 and f?
18
Let w be (2 + 0)*-1 + 86. Calculate the greatest common divisor of 2100 and w.
84
Let u = 254 - 134. Suppose -5*j + u = -75. What is the highest common divisor of j and 26?
13
Let y be (-42 - (3 - 2)) + -4. Let t = 54 + y. What is the greatest common factor of 1 and t?
1
Let d(r) = -r - 2. Let b be d(-4). Let m(t) = t + t**3 + 5 + b + 8*t**2 - 1. Let x be m(-7). What is the greatest common factor of x and 6?
6
Let o = -41 - -51. Let a(q) = -4*q + 44. Let g be a(o). Calculate the highest common factor of 8 and g.
4
Suppose -484 = 10*s - 11*s + 4*f, -4*f = s - 476. What is the greatest common factor of 30 and s?
30
Let p be 6/12 - (-11)/2. Let u be -1*(-7)/((-14)/(-96)). Calculate the greatest common factor of u and p.
6
Let w(h) = -1 - 2*h**3 - 3 + 4*h - 2*h + 6. Let f be w(-2). Suppose -4*i - i + 2*j + 70 = 0, f = i + 3*j. Calculate the highest common fac